in base 6?
145421
What is -1980 (base 12) in base 5?
-44440
Convert -135 (base 10) to base 15.
-90
3038 (base 9) to base 16
8ae
What is 1441033 (base 5) in base 15?
91b3
-303 (base 5) to base 8
-116
Convert -1622 (base 10) to base 8.
-3126
4c84 (base 14) to base 13
6172
Convert 3115 (base 10) to base 13.
1558
438 (base 9) to base 4
11213
What is -453 (base 8) in base 16?
-12b
-70 (base 10) to base 6
-154
What is -2321 (base 8) in base 12?
-869
What is 2732 (base 8) in base 11?
1142
Convert 24dc (base 14) to base 8.
14502
Convert -201202 (base 5) to base 4.
-1210123
What is 1244 (base 6) in base 14?
188
Convert -355235 (base 7) to base 16.
-fb09
110100 (base 2) to base 14
3a
Convert 2803 (base 9) to base 3.
2220010
Convert -10345 (base 11) to base 6.
-153405
-1161 (base 7) to base 8
-663
Convert 11010111111 (base 2) to base 10.
1727
141a (base 12) to base 3
10012011
-212001 (base 5) to base 11
-5399
What is 12540 (base 7) in base 14?
1320
1001101111 (base 2) to base 12
43b
Convert 1210300 (base 5) to base 7.
122550
What is 47d (base 14) in base 5?
12040
Convert 132232 (base 4) to base 12.
117a
803 (base 13) to base 4
111023
-203 (base 13) to base 12
-245
451 (base 7) to base 6
1024
What is 9a4a (base 12) in base 6?
210534
Convert 3b1b (base 15) to base 10.
12626
What is a06 (base 11) in base 16?
4c0
Convert 3f3 (base 16) to base 5.
13021
-14034 (base 5) to base 4
-101320
What is -6e6 (base 16) in base 6?
-12102
a4a (base 13) to base 6
12040
What is 41141 (base 7) in base 4?
2130221
Convert 94 (base 16) to base 2.
10010100
Convert -8416 (base 16) to base 13.
-12511
c08 (base 14) to base 4
210320
Convert 1728 (base 12) to base 7.
11033
What is -3d7 (base 16) in base 12?
-69b
What is -110010 (base 2) in base 3?
-1212
Convert 7278 (base 16) to base 6.
343400
-134551 (base 6) to base 3
-122110211
-441102 (base 5) to base 3
-202210012
200021012 (base 3) to base 14
4bd2
What is 1122 (base 5) in base 7?
321
What is -11102 (base 14) in base 12?
-1bb26
What is 12a (base 12) in base 3?
20121
Convert 6771 (base 12) to base 5.
331321
-4 (base 6) to base 10
-4
-110121 (base 5) to base 6
-25310
What is 503 (base 7) in base 15?
118
What is -1450 (base 12) in base 8?
-4474
1935e (base 15) to base 4
103331210
What is -9640 (base 16) in base 12?
-1a314
Convert 201010121 (base 3) to base 8.
33174
Convert 11133 (base 6) to base 15.
6e9
What is -532 (base 8) in base 16?
-15a
Convert a62 (base 11) to base 15.
5a3
What is -24b4 (base 15) in base 12?
-4637
2427 (base 9) to base 8
3417
What is 581 (base 11) in base 4?
22312
Convert -66121 (base 8) to base 2.
-110110001010001
494 (base 10) to base 16
1ee
Convert -50 (base 6) to base 13.
-24
What is bd83 (base 15) in base 3?
2001002220
Convert 12033011 (base 4) to base 12.
12945
Convert -42a (base 15) to base 3.
-1021211
Convert 44021 (base 6) to base 10.
6061
11000100101 (base 2) to base 10
1573
Convert a6a9 (base 11) to base 10.
14155
What is 2627 (base 9) in base 2?
11110110001
What is -3339 (base 16) in base 9?
-18880
-212 (base 8) to base 2
-10001010
3424 (base 16) to base 14
4c16
Convert 17a (base 11) to base 13.
130
Convert 242 (base 9) to base 8.
310
-244 (base 14) to base 7
-1214
-31312 (base 4) to base 10
-886
What is 26023 (base 7) in base 8?
15335
1010011011 (base 2) to base 4
22123
What is 1988 (base 13) in base 15?
1205
What is -2000 (base 5) in base 3?
-100021
What is 13122 (base 5) in base 10?
1037
What is a7a4 (base 13) in base 9?
34844
What is -829 (base 10) in base 2?
-1100111101
What is 72598 (base 10) in base 11?
4a5a9
Convert 2551 (base 6) to base 13.
3a6
-22122 (base 4) to base 15
-2e6
b71 (base 13) to base 16
79f
Convert -100110010000110 (base 2) to base 16.
-4c86
What is -1888 (base 11) in base 5?
-34040
What is 20232 (base 4) in base 2?
1000101110
What is 2714 (base 12) in base 15?
14da
What is -3501 (base 9) in base 13?
-1246
254 (base 7) to base 4
2021
Convert 101010111100 (base 2) to base 12.
1710
314243 (base 5) to base 15
31ed
What is 5649 (base 16) in base 15?
6829
-303120 (base 4) to base 5
-101123
What is -4432 (base 8) in base 11?
-1829
What is 2816 (base 9) in base 14?
ab7
-8505 (base 9) to base 5
-144432
What is 1565 (base 8) in base 15?
3e0
Convert 415 (base 9) to base 6.
1322
114b (base 13) to base 15
abe
-11442 (base 12) to base 14
-85b4
What is -51023 (base 6) in base 5?
-203321
What is -4674 (base 11) in base 6?
-44215
-1a10 (base 14) to base 15
-15e8
4128 (base 9) to base 4
233033
What is 111130 (base 4) in base 6?
10204
What is -1504 (base 12) in base 13?
-1168
Convert -12322 (base 6) to base 9.
-2475
What is 176 (base 12) in base 2?
11101010
-493 (base 16) to base 12
-817
1244 (base 12) to base 15
92d
113 (base 9) to base 5
333
-1111101111100011 (base 2) to base 11
-444a1
Convert 4031121 (base 5) to base 4.
33300120
What is -2000 (base 5) in base 15?
-11a
Convert -54e (base 16) to base 14.
-6d0
What is -6216 (base 16) in base 4?
-12020112
What is -103012 (base 4) in base 12?
-85a
1311 (base 6) to base 10
331
-133253 (base 7) to base 5
-1301200
What is -2010101 (base 3) in base 5?
-22144
What is 97 (base 12) in base 7?
223
Convert 6cb (base 13) to base 14.
605
-3187 (base 13) to base 9
-10374
111001011011111 (base 2) to base 4
13023133
Convert 1128 (base 9) to base 3.
1010222
Convert -34215 (base 11) to base 16.
-c161
Convert -45014 (base 6) to base 3.
-22121101
-32485 (base 9) to base 14
-7bca
4706 (base 11) to base 7
24003
1032 (base 7) to base 4
11232
Convert -1101221 (base 4) to base 14.
-1c93
29a (base 11) to base 9
430
-20040 (base 5) to base 8
-2366
Convert 122011 (base 4) to base 13.
9b5
What is 221322 (base 4) in base 11?
2019
Convert -505 (base 8) to base 5.
-2300
-1130112 (base 4) to base 9
-8086
Convert -1128 (base 10) to base 7.
-3201
Convert 6022 (base 9) to base 5.
120034
101252 (base 6) to base 5
224341
What is 143a (base 16) in base 7?
21045
What is 929 (base 10) in base 2?
1110100001
Convert 20303 (base 4) to base 16.
233
What is -1100122222 (base 3) in base 14?
-9a53
Convert 2999 (base 10) to base 16.
bb7
What is 2538 (base 14) in base 8?
14566
Convert -2100332 (base 4) to base 8.
-22076
Convert -235 (base 11) to base 5.
-2110
What is -10 (base 14) in base 16?
-e
Convert -323123 (base 5) to base 8.
-25436
What is 4414 (base 7) in base 5?
22304
2531 (base 6) to base 7
1561
What is 500 (base 8) in base 3?
102212
Convert -118a4 (base 13) to base 7.
-163002
What is -223001 (base 5) in base 4?
-1323010
Convert -8870 (base 11) to base 5.
-333233
What is -586e (base 16) in base 4?
-11201232
277a (base 15) to base 5
232230
What is 3303 (base 4) in base 10?
243
What is -e317 (base 16) in base 6?
-1125051
What is -177e (base 16) in base 8?
-13576
Convert 23405 (base 10) to base 15.
6e05
-410d (base 16) to base 11
-1156a
Convert -2242 (base 14) to base 10.
-5938
221 (base 9) to base 5
1211
Convert 3525 (base 7) to base 16.
50d
What is 136 (base 8) in base 10?
94
What is -17879 (base 15) in base 8?
-224604
Convert 48a (base 12) to base 6.
3054
What is -677 (base 8) in base 16?
-1bf
What is -1001101101001 (base 2) in base 6?
-35001
-13102331 (base 4) to base 3
-1111222212
24a (base 13) to base 15
1ba
Convert 1a361 (base 11) to base 3.
1102221011
What is 2864 (base 10) in base 3?
10221002
Convert -32302122 (base 4) to base 3.
-10002002100
13053 (base 8) to base 11
429a
What is 124235 (base 6) in base 12?
667b
-176a3 (base 12) to base 7
-200412
What is -b14b (base 12) in base 16?
-4b0b
Convert 3243 (base 15) to base 3.
112121000
What is 1340 (base 5) in base 16?
dc
21021 (base 3) to base 6
524
Convert 374 (base 9) to base 13.
1ab
Convert 6135 (base 7) to base 6.
13513
-31043 (base 5) to base 11
-157a
What is db2 (base 14) in base 15?
c04
What is 11133 (base 4) in base 3?
111000
Convert -828a (base 11) to base 4.
-2223230
Convert -1785 (base 10) to base 6.
-12133
-290 (base 12) to base 10
-396
32130 (base 9) to base 16
5301
13106 (base 10) to base 2
11001100110010
What is -3223 (base 6) in base 5?
-10420
-11320303 (base 4) to base 12
-11b57
What is 7522 (base 10) in base 16?
1d62
What is 9fe (base 16) in base 13?
121a
122100 (base 7) to base 12
10b20
Convert 168 (base 13) to base 4.
3333
What is 34106 (base 7) in base 12?
4bb2
61315 (base 7) to base 6
153004
-18a (base 1